)) a composite number?
False
Suppose -3*s - 118 + 16 = 0. Let o = s - -35. Suppose -r + 160 = -o. Is r prime?
False
Suppose -a = -4*n + 110924, -5*n = 26*a - 22*a - 138655. Is n a composite number?
True
Suppose -24*k + 146361 = -560991. Is k composite?
False
Suppose 3 - 33 = -6*a. Let d(z) = -3 + 2 + 56*z - 25*z + 3 + 30*z. Is d(a) a prime number?
True
Let m(d) = 12*d**2 - 7*d + 10. Suppose 2*h = -w + 1, 4*h + 1 = -5*w + 12. Is m(w) composite?
False
Suppose -11*y + 5*y = -55050. Suppose -7249 = -j + 2*c, -2*j + c + y = -5320. Is j composite?
False
Is 2/(13/(154445265/54)) a composite number?
True
Let r(b) = -b**2 + 23*b + 12. Let c be r(23). Suppose -4*j + 5*w + c + 7 = 0, 3*j + 2*w + 3 = 0. Suppose 3*f - 5028 = -2*p + f, f = j. Is p composite?
True
Let t(a) = 11*a**2 - 11*a - 9. Let c(g) = -6*g**2 + 6*g + 5. Let r(v) = -7*c(v) - 4*t(v). Let f be r(-1). Is -4*(f + 2) + 154 a composite number?
True
Suppose -p = -23*f + 20*f + 44892, -3*f = 5*p - 44874. Is f a prime number?
False
Is (4008/35 + (-145)/203)*(2094 - -1) composite?
True
Let l = 102616 - 71663. Let n = 48610 - l. Is n composite?
False
Let n(f) = 1447*f**2 - 41*f + 159. Is n(4) prime?
False
Let n be (-12)/9 + 58*5327/(-21). Let h = n - -21313. Is h a composite number?
False
Suppose 3*i - 14*d + 13*d = 456320, i + 5*d = 152112. Is i composite?
True
Let s be (7/((-231)/(-1826)))/((-2)/(-3)). Suppose s*x - 85*x + 5062 = 0. Is x prime?
True
Let q(c) = 318*c**2 - 26*c - 621. Is q(-14) a prime number?
True
Let k(d) = 297*d + 255. Let t be k(-17). Let v = -2578 - -513. Let o = v - t. Is o prime?
True
Let s(y) = -95109*y + 171. Is s(-2) prime?
False
Let u(i) = 220*i**2 + 339*i + 61. Is u(18) composite?
True
Is (-75)/30*2 + (-3)/(-3)*579742 composite?
False
Is ((-1057348)/(-155) - (-2)/5) + 1 a composite number?
False
Suppose 0 = t - 5*k - 4909, -2*t - 15*k + 9818 = -12*k. Is t prime?
True
Let i(l) = -1225*l - 1673. Is i(-10) a composite number?
True
Let u = -47 + 156. Let b = 214 + u. Is b a composite number?
True
Suppose -17*l + 0*l + 11582339 = -3027920. Is l a prime number?
False
Let i = 227 - 318. Suppose -192 = 5*p + 4*g, -g + 3 - 6 = 0. Let d = p - i. Is d prime?
False
Suppose -m = -2*w + 5*w + 203, 0 = 4*w. Is (38396/m)/(((-2)/(-7))/(-1)) a composite number?
True
Suppose 0 = -n - 9*n + 10190. Suppose o - n = 1184. Is o a prime number?
True
Let a = -17028 - -271507. Is a composite?
True
Suppose 15*i - 19*i - 20 = 0. Let r be (-6468)/60 + 1/i. Let q = 229 + r. Is q composite?
True
Suppose -8 + 19 = -5*r - 4*s, -4*s = -4. Let f(y) = 1200*y - 13. Let j(o) = -2399*o + 25. Let k(m) = 11*f(m) + 6*j(m). Is k(r) composite?
True
Let t be (-16)/(-20) + (-2)/(-10). Is (t - 2) + 3 + 893 composite?
True
Suppose -6 = -2*r, -5*p + r - 5 - 18 = 0. Let w be ((-934)/3)/((-4)/(-72)*p). Let k = w + 932. Is k a composite number?
False
Is ((-592630)/5)/(-13 + 9 - -2) a composite number?
False
Let v be (20 - -2965) + 2*(4 - 3). Suppose 51*f = 50*f + v. Is f a prime number?
False
Suppose 25876 = 4*p - 4*o, 0*o = 5*p - 3*o - 32345. Is p prime?
True
Let k(p) = 835*p**2 - p - 1. Let q(o) = 2*o - 19. Let a be q(23). Let v = a + -28. Is k(v) a prime number?
False
Suppose 5*f + 11 - 11 = 0. Let d be (f - -636)*12/9. Suppose -409 - d = -j. Is j composite?
True
Is ((-10457010)/(-225))/(2/5) a composite number?
False
Suppose 4*a = -5*j + 4 - 53, 0 = -4*a + 2*j - 14. Let m(w) = 99*w + 52. Let x(g) = -25*g - 13. Let r(f) = 4*m(f) + 18*x(f). Is r(a) a prime number?
False
Let g(i) = i + 16*i**2 + 28*i**2 - 23*i**2 - 1. Suppose -45*z = -33*z - 24. Is g(z) a prime number?
False
Suppose 3*p + 4*n = -14, -6*n = -3*p - 2*n + 26. Suppose 1926 = p*y + 2*l, -2*l - 134 = y - 1099. Is y composite?
True
Let u be 10/65 - 152/(-26). Suppose 5*q - k = 30, -1 + u = 5*q + 4*k. Let w(b) = 68*b**2 - 19*b + 16. Is w(q) a composite number?
False
Let a(t) be the second derivative of t**4/4 + 23*t**3/6 - 63*t**2/2 + 216*t. Is a(20) a composite number?
False
Let x be 101892/18 - (4/(-3) - -2). Let v = x + -2737. Is v prime?
False
Is (1643/6042 - 6/57) + (-2852074)/(-12) a prime number?
True
Let d(m) = 4655*m**2 - 23*m - 89. Is d(-5) a prime number?
False
Suppose x - 5482 - 18105 = -4*g, -g - 3*x + 5883 = 0. Let p = g + -2385. Let z = p + -2152. Is z a composite number?
False
Suppose -6*d + 4*d = -2*z - 14, -3*z + 39 = 3*d. Suppose 2*j - d = 0, 3*y - 3*j + 24 = -6. Is (131 - 0)/((-18)/4 - y) prime?
False
Suppose 5*a + 25647 = 2*o, o + 5*a = -o + 25597. Is o a prime number?
False
Suppose 3*v + 1541 = -2*j, 0 = 7*v - 4*v + 5*j + 1553. Let c = v - -4560. Is c a prime number?
True
Let p = -9936 - -19753. Is p a prime number?
True
Suppose j + 90909 + 210486 = 2*q, q + 5*j - 150692 = 0. Is q a composite number?
False
Suppose -4*u + 3*u + 2*t + 243 = 0, -t + 1017 = 4*u. Suppose -u*p - 92514 = -259*p. Is p composite?
True
Let y(h) = 3*h - 17. Let m be y(8). Suppose -m = -u - 0. Is u composite?
False
Is 13/(-117)*-1198653 - 2/(-12)*-4 prime?
True
Let d be (36/14)/(15/70). Suppose 2*y + 5*t + d = 0, -t + 6*t = -3*y - 8. Is y/(-14) - -21578*3/42 composite?
True
Let v be (-82)/6*-3 + -3. Suppose -2 = 9*a - v. Suppose a*y - 8870 = 8246. Is y composite?
True
Let q(w) = -2*w**2 - 7*w + 6. Let p be q(-4). Let b(a) = -a + 1. Let v(k) = -31*k**2 + k + 7. Let c(o) = p*b(o) - v(o). Is c(-7) a prime number?
False
Let z(r) = 9*r - 32. Let i be z(4). Suppose i*g = 4*p - 2976, -2 = -4*g + 2*g. Is p composite?
True
Suppose 16*b - 6447423 + 4968466 = 9663875. Is b a composite number?
False
Let z(r) = 25*r**3 + r**2 + 9*r - 26. Let b be z(8). Let s = b - 8171. Is s a prime number?
False
Let p be 3/(-9)*(1 - -8). Let i(q) = -228*q - 13. Is i(p) prime?
False
Let h = -220 + 41. Suppose 5*x = -j + 1530, -3*x - 2*x - 3*j + 1530 = 0. Let r = h + x. Is r a prime number?
True
Suppose 5*d = 21 + 34. Suppose -3*y + 6 = 3*l, -2 = 4*l + 3*y - d. Suppose 0*m - 903 = -l*m. Is m a prime number?
False
Let p(h) = 188*h**2 - 130*h - 1075. Is p(-61) a prime number?
True
Let n(k) = -k**3 + 7*k**2 + 17*k + 12. Let w be n(9). Suppose w*z - 16472 = -3*i - 2*z, -5*z = -5. Is i composite?
True
Suppose 53 = 27*q - 1. Let b(g) = g**2 - 2*g - 2. Let r be b(4). Is (158/12*q)/(2/r) prime?
True
Let p(i) = -8*i - 7 + 7*i**2 - 3*i - 30 + 3*i**2 + 12*i**2. Is p(12) prime?
True
Suppose -34188 + 99903 = 15*f. Let k = f + -1923. Is k composite?
True
Suppose 56*f - 9528231 = 120961. Is f composite?
False
Suppose 54 = -4*m + 182. Let r be 1766/7 - m/112. Is r + (-8)/(-4) - (1 + 2) prime?
True
Let z(i) = 242*i - 367. Is z(30) a composite number?
True
Let p(h) = 17*h**2 + 14*h - 226. Let n(c) = 13*c**2 + 15*c - 227. Let m(q) = -6*n(q) + 5*p(q). Is m(-37) composite?
True
Is 6520032/126 - 7/((-98)/(-4))*1 a prime number?
False
Let u = -284 + 294. Let k be 12/(-8) + (-338)/(-4). Suppose -u*f + k + 1307 = 0. Is f prime?
True
Suppose -23*c + 11836733 = -2882324. Is c prime?
True
Let i be 2/10*4*(-25)/(-10). Suppose 2*s = 4*h + 244, -h = 5*s - 0*h - 577. Suppose -914 = -i*a + s. Is a a prime number?
False
Is 288453/5 - (-392)/(-245) prime?
True
Let k = -27282 + 42752. Let o = -1121 + k. Is o a prime number?
False
Let y = -42483 + 157817. Is y a prime number?
False
Suppose 47498 = -8746*k + 8780*k. Is k composite?
True
Let x(p) = -p**3 + 8*p**2 - 13*p + 10. Let q be x(6). Suppose q*b = -3*b + 35. Suppose -b*d + 7863 = n - 963, 1 = n. Is d a prime number?
False
Let h(l) = -1007*l**3 - 12*l**2 - 19*l - 79. Is h(-8) prime?
True
Is -3*((-46228)/21 - 5)*1 a composite number?
False
Is (-2)/(-2 + ((-3192672)/228056)/(-7)) prime?
False
Let v(b) = -b**2 - 33*b - 44. Let m be v(-31). Suppose -11*n = -m*n + 40159. Is n prime?
True
Let a(g) be the second derivative of 343*g**3/6 + 7*g**2/2 + 13*g. Let v be a(-3). Let j = v + 1563. Is j a prime number?
True
Is (-151812)/(-6) - (15 - 10) composite?
True
Suppose -9*p + 111338 = -125434. Suppose -5*y = -3*l - p, 0*l = 4*y - 3*l - 21047. Is y prime?
True
Suppose z - 3*k - 23 = 0, 0 = -3*z + 5*k + 48 + 5. Let a(j) = z - 18*j**2 + 9*j + 57*j**2 + 12*j**2. Is a(6) a composite number?
False
Let y(p) = p + 57. Let f be y(-54). Suppose c - f*c = -5*l - 142083, -213121 = -3*c + 4*l. Is c composite?
False
Is ((270/(-324))/(20/4171686))/(2/(-8)) prime?
True
Suppose -185 = -3*i + 8*i. Let b 